{"id":24,"date":"2025-01-15T14:28:10","date_gmt":"2025-01-15T13:28:10","guid":{"rendered":"https:\/\/pneumokongresy.sk\/skolapneumologie\/?page_id=24"},"modified":"2025-03-10T20:38:24","modified_gmt":"2025-03-10T19:38:24","slug":"registracia","status":"publish","type":"page","link":"https:\/\/pneumokongresy.sk\/skolapneumologie\/registracia\/","title":{"rendered":"Registr\u00e1cia"},"content":{"rendered":"\t\t<div data-elementor-type=\"wp-page\" data-elementor-id=\"24\" class=\"elementor elementor-24\" data-elementor-post-type=\"page\">\n\t\t\t\t<div class=\"elementor-element elementor-element-59f457c e-flex e-con-boxed e-con e-parent\" data-id=\"59f457c\" data-element_type=\"container\" data-settings=\"{&quot;background_background&quot;:&quot;classic&quot;}\">\n\t\t\t\t\t<div class=\"e-con-inner\">\n\t\t\t\t\t<\/div>\n\t\t\t\t<\/div>\n\t\t<div class=\"elementor-element elementor-element-eb69d42 e-flex e-con-boxed e-con e-parent\" data-id=\"eb69d42\" data-element_type=\"container\">\n\t\t\t\t\t<div class=\"e-con-inner\">\n\t\t\t\t<div class=\"elementor-element elementor-element-597de9d elementor-widget elementor-widget-heading\" data-id=\"597de9d\" data-element_type=\"widget\" data-widget_type=\"heading.default\">\n\t\t\t\t<div class=\"elementor-widget-container\">\n\t\t\t\t\t<h2 class=\"elementor-heading-title elementor-size-default\">Registra\u010dn\u00e9 poplatky<\/h2>\t\t\t\t<\/div>\n\t\t\t\t<\/div>\n\t\t\t\t<div class=\"elementor-element elementor-element-1e9e8b9 eael-table-align-center eael-dt-th-align-left elementor-widget elementor-widget-eael-data-table\" data-id=\"1e9e8b9\" data-element_type=\"widget\" data-widget_type=\"eael-data-table.default\">\n\t\t\t\t<div class=\"elementor-widget-container\">\n\t\t\t\t\t\t\t<div class=\"eael-data-table-wrap\" data-table_id=\"1e9e8b9\" id=\"eael-data-table-wrapper-1e9e8b9\" data-custom_responsive=\"false\">\n\t\t\t<table class=\"tablesorter eael-data-table center\" id=\"eael-data-table-1e9e8b9\">\n\t\t\t    <thead>\n\t\t\t        <tr class=\"table-header\">\n\t\t\t\t\t\t\t\t\t            <th class=\"\" id=\"\" colspan=\"\">\n\t\t\t\t\t\t\t\t\t\t\t\t\t\t<span class=\"data-table-header-text\">\u00da\u010dastn\u00edk<\/span><\/th>\n\t\t\t        \t\t\t\t            <th class=\"\" id=\"\" colspan=\"\">\n\t\t\t\t\t\t\t\t\t\t\t\t\t\t<span class=\"data-table-header-text\">do 25. 2. 2025 <\/span><\/th>\n\t\t\t        \t\t\t\t            <th class=\"\" id=\"\" colspan=\"\">\n\t\t\t\t\t\t\t\t\t\t\t\t\t\t<span class=\"data-table-header-text\">po 25. 2. 2025<\/span><\/th>\n\t\t\t        \t\t\t\t        <\/tr>\n\t\t\t    <\/thead>\n\t\t\t  \t<tbody>\n\t\t\t\t\t\t\t\t\t\t\t<tr>\n\t\t\t\t\t\t\t\t\t\t\t\t\t\t\t\t   \t\t\t\t\t\t\t\t\t\t\t<td colspan=\"\" rowspan=\"\" class=\"\" id=\"\">\n\t\t\t\t\t\t\t\t\t\t\t\t<div class=\"td-content-wrapper\"><div class=\"td-content\">\n\t\t\t\t\t\t\t\t\t\t\t\t\tPas\u00edvna \u00fa\u010das\u0165\t\t\t\t\t\t\t\t\t\t\t\t<\/div><\/div>\n\t\t\t\t\t\t\t\t\t\t\t<\/td>\n\t\t\t\t\t\t\t\t\t\t\t\t\t\t\t\t\t\t\t\t\t\t\t\t\t\t\t\t\t   \t\t\t\t\t\t\t\t\t\t\t<td colspan=\"\" rowspan=\"\" class=\"\" id=\"\">\n\t\t\t\t\t\t\t\t\t\t\t\t<div class=\"td-content-wrapper\"><div class=\"td-content\">\n\t\t\t\t\t\t\t\t\t\t\t\t\t50 \u20ac\t\t\t\t\t\t\t\t\t\t\t\t<\/div><\/div>\n\t\t\t\t\t\t\t\t\t\t\t<\/td>\n\t\t\t\t\t\t\t\t\t\t\t\t\t\t\t\t\t\t\t\t\t\t\t\t\t\t\t\t\t   \t\t\t\t\t\t\t\t\t\t\t<td colspan=\"\" rowspan=\"\" class=\"\" id=\"\">\n\t\t\t\t\t\t\t\t\t\t\t\t<div class=\"td-content-wrapper\"><div class=\"td-content\">\n\t\t\t\t\t\t\t\t\t\t\t\t\t65 \u20ac\t\t\t\t\t\t\t\t\t\t\t\t<\/div><\/div>\n\t\t\t\t\t\t\t\t\t\t\t<\/td>\n\t\t\t\t\t\t\t\t\t\t\t\t\t\t\t\t\t\t\t\t\t\t\t\t\t\t<\/tr>\n\t\t\t        \t\t\t\t\t\t<tr>\n\t\t\t\t\t\t\t\t\t\t\t\t\t\t\t\t   \t\t\t\t\t\t\t\t\t\t\t<td colspan=\"\" rowspan=\"\" class=\"\" id=\"\">\n\t\t\t\t\t\t\t\t\t\t\t\t<div class=\"td-content-wrapper\"><div class=\"td-content\">\n\t\t\t\t\t\t\t\t\t\t\t\t\tAkt\u00edvny \u00fa\u010dastn\u00edk, \u0161tudent LF, nepracuj\u00faci d\u00f4chodca\t\t\t\t\t\t\t\t\t\t\t\t<\/div><\/div>\n\t\t\t\t\t\t\t\t\t\t\t<\/td>\n\t\t\t\t\t\t\t\t\t\t\t\t\t\t\t\t\t\t\t\t\t\t\t\t\t\t\t\t\t   \t\t\t\t\t\t\t\t\t\t\t<td colspan=\"\" rowspan=\"\" class=\"\" id=\"\">\n\t\t\t\t\t\t\t\t\t\t\t\t<div class=\"td-content-wrapper\"><div class=\"td-content\">\n\t\t\t\t\t\t\t\t\t\t\t\t\t0 \u20ac\t\t\t\t\t\t\t\t\t\t\t\t<\/div><\/div>\n\t\t\t\t\t\t\t\t\t\t\t<\/td>\n\t\t\t\t\t\t\t\t\t\t\t\t\t\t\t\t\t\t\t\t\t\t\t\t\t\t\t\t\t   \t\t\t\t\t\t\t\t\t\t\t<td colspan=\"\" rowspan=\"\" class=\"\" id=\"\">\n\t\t\t\t\t\t\t\t\t\t\t\t<div class=\"td-content-wrapper\"><div class=\"td-content\">\n\t\t\t\t\t\t\t\t\t\t\t\t\t0 \u20ac\t\t\t\t\t\t\t\t\t\t\t\t<\/div><\/div>\n\t\t\t\t\t\t\t\t\t\t\t<\/td>\n\t\t\t\t\t\t\t\t\t\t\t\t\t\t\t\t\t\t\t\t\t\t\t\t\t\t<\/tr>\n\t\t\t        \t\t\t\t\t\t<tr>\n\t\t\t\t\t\t\t\t\t\t\t\t\t\t\t\t   \t\t\t\t\t\t\t\t\t\t\t<td colspan=\"\" rowspan=\"\" class=\"\" id=\"\">\n\t\t\t\t\t\t\t\t\t\t\t\t<div class=\"td-content-wrapper\"><div class=\"td-content\">\n\t\t\t\t\t\t\t\t\t\t\t\t\tRegistr\u00e1cia na jeden de\u0148 podujatia\t\t\t\t\t\t\t\t\t\t\t\t<\/div><\/div>\n\t\t\t\t\t\t\t\t\t\t\t<\/td>\n\t\t\t\t\t\t\t\t\t\t\t\t\t\t\t\t\t\t\t\t\t\t\t\t\t\t\t\t\t   \t\t\t\t\t\t\t\t\t\t\t<td colspan=\"\" rowspan=\"\" class=\"\" id=\"\">\n\t\t\t\t\t\t\t\t\t\t\t\t<div class=\"td-content-wrapper\"><div class=\"td-content\">\n\t\t\t\t\t\t\t\t\t\t\t\t\t25 \u20ac\t\t\t\t\t\t\t\t\t\t\t\t<\/div><\/div>\n\t\t\t\t\t\t\t\t\t\t\t<\/td>\n\t\t\t\t\t\t\t\t\t\t\t\t\t\t\t\t\t\t\t\t\t\t\t\t\t\t\t\t\t   \t\t\t\t\t\t\t\t\t\t\t<td colspan=\"\" rowspan=\"\" class=\"\" id=\"\">\n\t\t\t\t\t\t\t\t\t\t\t\t<div class=\"td-content-wrapper\"><div class=\"td-content\">\n\t\t\t\t\t\t\t\t\t\t\t\t\t25 \u20ac\t\t\t\t\t\t\t\t\t\t\t\t<\/div><\/div>\n\t\t\t\t\t\t\t\t\t\t\t<\/td>\n\t\t\t\t\t\t\t\t\t\t\t\t\t\t\t\t\t\t\t\t\t\t\t\t\t\t<\/tr>\n\t\t\t        \t\t\t    <\/tbody>\n\t\t\t<\/table>\n\t\t<\/div>\n\t  \t\t\t\t\t<\/div>\n\t\t\t\t<\/div>\n\t\t\t\t<div class=\"elementor-element elementor-element-c1ff5f5 elementor-widget elementor-widget-text-editor\" data-id=\"c1ff5f5\" data-element_type=\"widget\" data-widget_type=\"text-editor.default\">\n\t\t\t\t<div class=\"elementor-widget-container\">\n\t\t\t\t\t\t\t\t\t<ul style=\"font-weight: 400;\"><li>\u00da\u010dastn\u00edcky poplatok je mo\u017en\u00e9 <span style=\"text-decoration: underline;\"><strong><a href=\"https:\/\/www.tajpanplatby.com\/xviii-skola-pneumologie-a-ftizeologie\" target=\"_blank\" rel=\"noopener\">uhradi\u0165 cez platobn\u00fa br\u00e1nu<\/a><\/strong><\/span> pomocou tla\u010didla ni\u017e\u0161ie, alebo pri registr\u00e1cii.<\/li><li>V pr\u00edpade, \u017ee registra\u010dn\u00fd poplatok za \u00fa\u010dastn\u00edka plat\u00ed organiz\u00e1cia (firma, nemocnica a pod.),\u00a0je potrebn\u00e9 uvies\u0165 meno \u00fa\u010dastn\u00edka, za ktor\u00e9ho sa poplatok uhr\u00e1dza.<\/li><li><strong>UHRADEN\u00dd REGISTRA\u010cN\u00dd POPLATOK SA NEVRACIA<\/strong>\u00a0(duplicitn\u00e1 platba, ne\u00fa\u010das\u0165 na kongrese a pod.).<\/li><\/ul><p style=\"font-weight: 400;\"><strong>Certifik\u00e1ty o \u00fa\u010dasti<\/strong><\/p><p style=\"font-weight: 400;\">Podujatie je zaraden\u00e9 do\u00a0 syst\u00e9mu kontinu\u00e1lneho medic\u00ednskeho vzdel\u00e1vania<\/p>\t\t\t\t\t\t\t\t<\/div>\n\t\t\t\t<\/div>\n\t\t\t\t<div class=\"elementor-element elementor-element-15183bd elementor-align-center elementor-widget elementor-widget-button\" data-id=\"15183bd\" data-element_type=\"widget\" data-widget_type=\"button.default\">\n\t\t\t\t<div class=\"elementor-widget-container\">\n\t\t\t\t\t\t\t\t\t<div class=\"elementor-button-wrapper\">\n\t\t\t\t\t<a class=\"elementor-button elementor-button-link elementor-size-sm\" href=\"https:\/\/www.tajpanplatby.com\/xviii-skola-pneumologie-a-ftizeologie\" target=\"_blank\">\n\t\t\t\t\t\t<span class=\"elementor-button-content-wrapper\">\n\t\t\t\t\t\t<span class=\"elementor-button-icon\">\n\t\t\t\t<svg aria-hidden=\"true\" class=\"e-font-icon-svg e-fas-coins\" viewBox=\"0 0 512 512\" xmlns=\"http:\/\/www.w3.org\/2000\/svg\"><path d=\"M0 405.3V448c0 35.3 86 64 192 64s192-28.7 192-64v-42.7C342.7 434.4 267.2 448 192 448S41.3 434.4 0 405.3zM320 128c106 0 192-28.7 192-64S426 0 320 0 128 28.7 128 64s86 64 192 64zM0 300.4V352c0 35.3 86 64 192 64s192-28.7 192-64v-51.6c-41.3 34-116.9 51.6-192 51.6S41.3 334.4 0 300.4zm416 11c57.3-11.1 96-31.7 96-55.4v-42.7c-23.2 16.4-57.3 27.6-96 34.5v63.6zM192 160C86 160 0 195.8 0 240s86 80 192 80 192-35.8 192-80-86-80-192-80zm219.3 56.3c60-10.8 100.7-32 100.7-56.3v-42.7c-35.5 25.1-96.5 38.6-160.7 41.8 29.5 14.3 51.2 33.5 60 57.2z\"><\/path><\/svg>\t\t\t<\/span>\n\t\t\t\t\t\t\t\t\t<span class=\"elementor-button-text\">\u00dahrada poplatku<\/span>\n\t\t\t\t\t<\/span>\n\t\t\t\t\t<\/a>\n\t\t\t\t<\/div>\n\t\t\t\t\t\t\t\t<\/div>\n\t\t\t\t<\/div>\n\t\t\t\t<div class=\"elementor-element elementor-element-64d53ed elementor-widget-divider--view-line elementor-widget elementor-widget-divider\" data-id=\"64d53ed\" data-element_type=\"widget\" data-widget_type=\"divider.default\">\n\t\t\t\t<div class=\"elementor-widget-container\">\n\t\t\t\t\t\t\t<div class=\"elementor-divider\">\n\t\t\t<span class=\"elementor-divider-separator\">\n\t\t\t\t\t\t<\/span>\n\t\t<\/div>\n\t\t\t\t\t\t<\/div>\n\t\t\t\t<\/div>\n\t\t\t\t<div class=\"elementor-element elementor-element-0cb1524 elementor-widget elementor-widget-heading\" data-id=\"0cb1524\" data-element_type=\"widget\" data-widget_type=\"heading.default\">\n\t\t\t\t<div class=\"elementor-widget-container\">\n\t\t\t\t\t<h2 class=\"elementor-heading-title elementor-size-default\">Online registr\u00e1cia bola ukon\u010den\u00e1<\/h2>\t\t\t\t<\/div>\n\t\t\t\t<\/div>\n\t\t\t\t<div class=\"elementor-element elementor-element-1571c15 elementor-hidden-desktop elementor-hidden-tablet elementor-hidden-mobile eael-wpforms-labels-yes eael-wpforms-form-button-custom elementor-widget elementor-widget-eael-wpforms\" data-id=\"1571c15\" data-element_type=\"widget\" data-widget_type=\"eael-wpforms.default\">\n\t\t\t\t<div class=\"elementor-widget-container\">\n\t\t\t\t\t            <div class=\"eael-contact-form eael-wpforms eael-wpforms-align-default\">\n                                <div class=\"wpforms-container wpforms-container-full wpforms-render-modern\" id=\"wpforms-166\"><form id=\"wpforms-form-166\" class=\"wpforms-validate wpforms-form\" data-formid=\"166\" method=\"post\" enctype=\"multipart\/form-data\" action=\"\/skolapneumologie\/wp-json\/wp\/v2\/pages\/24\" data-token=\"4ac6916fc9c2808fd4cf8bc0b24849f2\" data-token-time=\"1777441801\"><div class=\"wpforms-head-container\"><\/div><noscript class=\"wpforms-error-noscript\">Please enable JavaScript in your browser to complete this form.<\/noscript><div class=\"wpforms-hidden\" id=\"wpforms-error-noscript\">Please enable JavaScript in your browser to complete this form.<\/div><div class=\"wpforms-field-container\"><div id=\"wpforms-166-field_18-container\" class=\"wpforms-field wpforms-field-text\" data-field-id=\"18\"><label class=\"wpforms-field-label\" for=\"wpforms-166-field_18\">Titul pred menom<\/label><input type=\"text\" id=\"wpforms-166-field_18\" class=\"wpforms-field-medium\" name=\"wpforms[fields][18]\" aria-errormessage=\"wpforms-166-field_18-error\" ><\/div><div id=\"wpforms-166-field_25-container\" class=\"wpforms-field wpforms-field-name\" data-field-id=\"25\"><fieldset><legend class=\"wpforms-field-label\">Meno a priezvisko <span class=\"wpforms-required-label\" aria-hidden=\"true\">*<\/span><\/legend><div class=\"wpforms-field-row wpforms-field-medium\"><div class=\"wpforms-field-row-block wpforms-first wpforms-one-half\"><input type=\"text\" id=\"wpforms-166-field_25\" class=\"wpforms-field-name-first wpforms-field-required\" name=\"wpforms[fields][25][first]\" placeholder=\"Krstn\u00e9 meno\" aria-errormessage=\"wpforms-166-field_25-error\" required><label for=\"wpforms-166-field_25\" class=\"wpforms-field-sublabel after wpforms-sublabel-hide\">First<\/label><\/div><div class=\"wpforms-field-row-block wpforms-one-half\"><input type=\"text\" id=\"wpforms-166-field_25-last\" class=\"wpforms-field-name-last wpforms-field-required\" name=\"wpforms[fields][25][last]\" placeholder=\"Priezvisko\" aria-errormessage=\"wpforms-166-field_25-last-error\" required><label for=\"wpforms-166-field_25-last\" class=\"wpforms-field-sublabel after wpforms-sublabel-hide\">Last<\/label><\/div><\/div><\/fieldset><\/div><div id=\"wpforms-166-field_21-container\" class=\"wpforms-field wpforms-field-text\" data-field-id=\"21\"><label class=\"wpforms-field-label\" for=\"wpforms-166-field_21\">Titul za menom<\/label><input type=\"text\" id=\"wpforms-166-field_21\" class=\"wpforms-field-medium\" name=\"wpforms[fields][21]\" aria-errormessage=\"wpforms-166-field_21-error\" ><\/div><div id=\"wpforms-166-field_3-container\" class=\"wpforms-field wpforms-field-email\" data-field-id=\"3\"><label class=\"wpforms-field-label\" for=\"wpforms-166-field_3\">E-mail <span class=\"wpforms-required-label\" aria-hidden=\"true\">*<\/span><\/label><input type=\"email\" id=\"wpforms-166-field_3\" class=\"wpforms-field-medium wpforms-field-required\" name=\"wpforms[fields][3]\" spellcheck=\"false\" aria-errormessage=\"wpforms-166-field_3-error\" aria-describedby=\"wpforms-166-field_3-description\" required><div id=\"wpforms-166-field_3-description\" class=\"wpforms-field-description\">Zadajte, pros\u00edm, platn\u00fa e-mailov\u00fa adresu.<\/div><\/div><div id=\"wpforms-166-field_23-container\" class=\"wpforms-field wpforms-field-checkbox\" data-field-id=\"23\"><fieldset><legend class=\"wpforms-field-label\">Forma \u00fa\u010dasti <span class=\"wpforms-required-label\" aria-hidden=\"true\">*<\/span><\/legend><ul id=\"wpforms-166-field_23\" class=\"wpforms-field-required\"><li class=\"choice-1 depth-1\"><input type=\"checkbox\" id=\"wpforms-166-field_23_1\" name=\"wpforms[fields][23][]\" value=\"Akt\u00edvna\" aria-errormessage=\"wpforms-166-field_23_1-error\" required ><label class=\"wpforms-field-label-inline\" for=\"wpforms-166-field_23_1\">Akt\u00edvna<\/label><\/li><li class=\"choice-2 depth-1\"><input type=\"checkbox\" id=\"wpforms-166-field_23_2\" name=\"wpforms[fields][23][]\" value=\"Pas\u00edvna\" aria-errormessage=\"wpforms-166-field_23_2-error\" required ><label class=\"wpforms-field-label-inline\" for=\"wpforms-166-field_23_2\">Pas\u00edvna<\/label><\/li><\/ul><\/fieldset><\/div><div id=\"wpforms-166-field_6-container\" class=\"wpforms-field wpforms-field-text\" data-field-id=\"6\"><label class=\"wpforms-field-label\" for=\"wpforms-166-field_6\">ID SLK <span class=\"wpforms-required-label\" aria-hidden=\"true\">*<\/span><\/label><input type=\"text\" id=\"wpforms-166-field_6\" class=\"wpforms-field-medium wpforms-field-required\" name=\"wpforms[fields][6]\" aria-errormessage=\"wpforms-166-field_6-error\" required><\/div><div id=\"wpforms-166-field_7-container\" class=\"wpforms-field wpforms-field-text\" data-field-id=\"7\"><label class=\"wpforms-field-label\" for=\"wpforms-166-field_7\">N\u00e1zov pracoviska <span class=\"wpforms-required-label\" aria-hidden=\"true\">*<\/span><\/label><input type=\"text\" id=\"wpforms-166-field_7\" class=\"wpforms-field-medium wpforms-field-required\" name=\"wpforms[fields][7]\" aria-errormessage=\"wpforms-166-field_7-error\" required><\/div><div id=\"wpforms-166-field_8-container\" class=\"wpforms-field wpforms-field-text\" data-field-id=\"8\"><label class=\"wpforms-field-label\" for=\"wpforms-166-field_8\">Ulica a popisn\u00e9 \u010dislo <span class=\"wpforms-required-label\" aria-hidden=\"true\">*<\/span><\/label><input type=\"text\" id=\"wpforms-166-field_8\" class=\"wpforms-field-medium wpforms-field-required\" name=\"wpforms[fields][8]\" aria-errormessage=\"wpforms-166-field_8-error\" required><\/div><div id=\"wpforms-166-field_9-container\" class=\"wpforms-field wpforms-field-text\" data-field-id=\"9\"><label class=\"wpforms-field-label\" for=\"wpforms-166-field_9\">Mesto <span class=\"wpforms-required-label\" aria-hidden=\"true\">*<\/span><\/label><input type=\"text\" id=\"wpforms-166-field_9\" class=\"wpforms-field-medium wpforms-field-required\" name=\"wpforms[fields][9]\" aria-errormessage=\"wpforms-166-field_9-error\" required><\/div><div id=\"wpforms-166-field_10-container\" class=\"wpforms-field wpforms-field-text\" data-field-id=\"10\"><label class=\"wpforms-field-label\" for=\"wpforms-166-field_10\">PS\u010c <span class=\"wpforms-required-label\" aria-hidden=\"true\">*<\/span><\/label><input type=\"text\" id=\"wpforms-166-field_10\" class=\"wpforms-field-medium wpforms-field-required\" name=\"wpforms[fields][10]\" aria-errormessage=\"wpforms-166-field_10-error\" required><\/div><div id=\"wpforms-166-field_13-container\" class=\"wpforms-field wpforms-field-checkbox\" data-field-id=\"13\"><fieldset><legend class=\"wpforms-field-label wpforms-label-hide\" aria-hidden=\"false\">S\u00fahlasy <span class=\"wpforms-required-label\" aria-hidden=\"true\">*<\/span><\/legend><ul id=\"wpforms-166-field_13\" class=\"wpforms-field-required\"><li class=\"choice-1 depth-1\"><input type=\"checkbox\" id=\"wpforms-166-field_13_1\" name=\"wpforms[fields][13][]\" value=\"Vyhlasujem, \u017ee som sa obozn\u00e1mil\/a &lt;a href=&quot;https:\/\/www.tajpan.online\/ochrana-sukromia\/&quot; target=&quot;_blank&quot;&gt;podmienkami sprac\u00favania osobn\u00fdch \u00fadajov&lt;\/a&gt;\" aria-errormessage=\"wpforms-166-field_13_1-error\" required ><label class=\"wpforms-field-label-inline\" for=\"wpforms-166-field_13_1\">Vyhlasujem, \u017ee som sa obozn\u00e1mil\/a <a href=\"https:\/\/www.tajpan.online\/ochrana-sukromia\/\" target=\"_blank\">podmienkami sprac\u00favania osobn\u00fdch \u00fadajov<\/a><\/label><\/li><li class=\"choice-2 depth-1\"><input type=\"checkbox\" id=\"wpforms-166-field_13_2\" name=\"wpforms[fields][13][]\" value=\"Vyhlasujem, \u017ee som zdravotn\u00edckym pracovn\u00edkom v zmysle \u00a7 27 z\u00e1kona \u010d. 578\/2004 Z.z.\" aria-errormessage=\"wpforms-166-field_13_2-error\" required ><label class=\"wpforms-field-label-inline\" for=\"wpforms-166-field_13_2\">Vyhlasujem, \u017ee som zdravotn\u00edckym pracovn\u00edkom v zmysle \u00a7 27 z\u00e1kona \u010d. 578\/2004 Z.z.<\/label><\/li><li class=\"choice-3 depth-1\"><input type=\"checkbox\" id=\"wpforms-166-field_13_3\" name=\"wpforms[fields][13][]\" value=\"Obozn\u00e1mil\/a som sa a s\u00fahlas\u00edm so &lt;a href=&quot;https:\/\/www.tajpan.online\/vseobecne-obchodne-podmienky\/&quot; target=&quot;_blank&quot;&gt;v\u0161eobecn\u00fdmi obchodn\u00fdmi podmienkami&lt;\/a&gt; slu\u017eieb poskytovan\u00fdmi na port\u00e1li prev\u00e1dzkovanom TAJPAN s.r.o. a vyhlasujem, \u017ee m\u00e1m viac ako 16 rokov. \" aria-errormessage=\"wpforms-166-field_13_3-error\" required ><label class=\"wpforms-field-label-inline\" for=\"wpforms-166-field_13_3\">Obozn\u00e1mil\/a som sa a s\u00fahlas\u00edm so <a href=\"https:\/\/www.tajpan.online\/vseobecne-obchodne-podmienky\/\" target=\"_blank\">v\u0161eobecn\u00fdmi obchodn\u00fdmi podmienkami<\/a> slu\u017eieb poskytovan\u00fdmi na port\u00e1li prev\u00e1dzkovanom TAJPAN s.r.o. a vyhlasujem, \u017ee m\u00e1m viac ako 16 rokov.<\/label><\/li><\/ul><\/fieldset><\/div><\/div><!-- .wpforms-field-container --><div class=\"wpforms-submit-container\" ><input type=\"hidden\" name=\"wpforms[id]\" value=\"166\"><input type=\"hidden\" name=\"page_title\" value=\"\"><input type=\"hidden\" name=\"page_url\" value=\"https:\/\/pneumokongresy.sk\/skolapneumologie\/wp-json\/wp\/v2\/pages\/24\"><button type=\"submit\" name=\"wpforms[submit]\" id=\"wpforms-submit-166\" class=\"wpforms-submit\" data-alt-text=\"Prebieha proces registr\u00e1cie\" data-submit-text=\"Zaregistrova\u0165\" aria-live=\"assertive\" value=\"wpforms-submit\">Zaregistrova\u0165<\/button><\/div><\/form><\/div>  <!-- .wpforms-container -->            <\/div>\n\t\t\t\t<\/div>\n\t\t\t\t<\/div>\n\t\t\t\t\t<\/div>\n\t\t\t\t<\/div>\n\t\t\t\t<\/div>\n\t\t","protected":false},"excerpt":{"rendered":"<p>Registra\u010dn\u00e9 poplatky \u00da\u010dastn\u00edk do 25. 2. 2025 po 25. 2. 2025 Pas\u00edvna \u00fa\u010das\u0165 50 \u20ac 65 \u20ac Akt\u00edvny \u00fa\u010dastn\u00edk, \u0161tudent LF, nepracuj\u00faci d\u00f4chodca 0 \u20ac 0 \u20ac Registr\u00e1cia na jeden de\u0148 podujatia 25 \u20ac 25 \u20ac \u00da\u010dastn\u00edcky poplatok je mo\u017en\u00e9 uhradi\u0165 cez platobn\u00fa br\u00e1nu pomocou tla\u010didla ni\u017e\u0161ie, alebo pri registr\u00e1cii. V pr\u00edpade, \u017ee registra\u010dn\u00fd poplatok [&hellip;]<\/p>\n","protected":false},"author":1,"featured_media":0,"parent":0,"menu_order":0,"comment_status":"closed","ping_status":"closed","template":"","meta":{"footnotes":""},"class_list":["post-24","page","type-page","status-publish","hentry"],"_links":{"self":[{"href":"https:\/\/pneumokongresy.sk\/skolapneumologie\/wp-json\/wp\/v2\/pages\/24","targetHints":{"allow":["GET"]}}],"collection":[{"href":"https:\/\/pneumokongresy.sk\/skolapneumologie\/wp-json\/wp\/v2\/pages"}],"about":[{"href":"https:\/\/pneumokongresy.sk\/skolapneumologie\/wp-json\/wp\/v2\/types\/page"}],"author":[{"embeddable":true,"href":"https:\/\/pneumokongresy.sk\/skolapneumologie\/wp-json\/wp\/v2\/users\/1"}],"replies":[{"embeddable":true,"href":"https:\/\/pneumokongresy.sk\/skolapneumologie\/wp-json\/wp\/v2\/comments?post=24"}],"version-history":[{"count":22,"href":"https:\/\/pneumokongresy.sk\/skolapneumologie\/wp-json\/wp\/v2\/pages\/24\/revisions"}],"predecessor-version":[{"id":348,"href":"https:\/\/pneumokongresy.sk\/skolapneumologie\/wp-json\/wp\/v2\/pages\/24\/revisions\/348"}],"wp:attachment":[{"href":"https:\/\/pneumokongresy.sk\/skolapneumologie\/wp-json\/wp\/v2\/media?parent=24"}],"curies":[{"name":"wp","href":"https:\/\/api.w.org\/{rel}","templated":true}]}}